2)) + 969 + -966
-6
6 + (0 - 3) + -8
-5
What is -8 - (10 + -9 + 2 - -4)?
-15
What is -3 + (12 - (3 + 17))?
-11
What is the value of 0 + -4 + 160 + -147?
9
What is the value of 1152 - 1154 - (2 + (2 - 4 - 0))?
-2
Evaluate 7 - ((17 - 6) + -1).
-3
What is -7 + (-8 + -10 - -12) - 13?
-26
23 - (2 - (-31 + 23))
13
Calculate (1 - -23) + (-20 - (23 - 35)).
16
What is -34 + (64 - 31 - 4)?
-5
What is the value of 5 + (-4 - (3 + -12)) - 15?
-5
Calculate 4 + (-1 - -5) - (49 + -69) - 11.
17
What is 12 + 11 + 3 + 1?
27
Calculate (19 - (-23 + 33)) + 1.
10
-12 - (-1 - 0) - (33 - (11 + 14))
-19
Calculate 31 - (6 + -2 - (48 - 56)).
19
Calculate (-2 - 0) + (51 + -2 - 57).
-10
Calculate (-2 - (-2 - -1)) + (20 - (22 + 0)).
-3
Calculate -4 + 0 + 87 + -76.
7
What is the value of -15 + 5 + -13 + 3 + 11?
-9
Evaluate 0 - (18 - 13 - -2).
-7
-9 + 14 + (13 - 17)
1
What is -33 + (34 - 22) + 41?
20
What is -1282 + 1279 - (13 - (1 + -3))?
-18
What is the value of (0 + 1 - (3 + -3)) + -4808 + 4807?
0
Calculate 32 - ((-6 - -2) + 25).
11
What is -12 + 5 + -33 + 22 + -14 + -5?
-37
What is 8 + (-2 + 5 - 4) - 13?
-6
What is -3 + (3 - (-2 + 9 + 2))?
-9
Evaluate (-16 - 5 - -30) + -12 + 1.
-2
What is the value of -2 - -2 - (0 - 5 - (-1 - 2))?
2
What is the value of (2 - 5 - -2) + (-426 - -452)?
25
Evaluate -5 + (8 - ((10 - 4) + -7)).
4
Evaluate -22 + 5 + 21 - (1 - -5).
-2
1 - 9 - (-24 + (-1 + -4 - -8))
13
What is the value of 9 + (11 - (6 + 5))?
9
What is the value of 3 + 1 - ((6 - -5) + -14)?
7
Evaluate -55 - -65 - (1 - 15 - (-5 + 6)).
25
Calculate (-919 - -929) + (-1 - 9 - 1) + 7.
6
Evaluate 7460 - 7465 - (-1 + 2 + -5 + -1).
0
-13 + (18 - (15 - 2))
-8
What is -1 - 4 - (-85 - -69)?
11
What is the value of 2 + 21 + -5 + -10?
8
What is (156 - 166) + 16 + 0?
6
What is the value of -1 + 1 - (-64 - -66)?
-2
Calculate (-18 - 2) + (105 - 98 - (-1 - -3)).
-15
Evaluate (345 - 339 - (0 + 32)) + 5.
-21
Calculate 0 - (13 - (-1 + (1 - 3) + 4)).
-12
Calculate 4 + -12 + 50 + -38.
4
Evaluate -8 + 9 + 6 + 7.
14
What is -8 - (61 + -58 + -2 + -6)?
-3
Evaluate (7 - 10 - (0 - (-8 + 4))) + 1.
-6
What is -8 - (26 + -27) - (2 + (0 - -2))?
-11
What is the value of 3 + -25 + 9 + 11?
-2
What is the value of 6 + 5 + (9 - 16 - 9)?
-5
-27 + 5 - (-43 - -40)
-19
Calculate -25 + (12 - -5) - 2.
-10
27 + (-35 - -8) - 20
-20
What is the value of 8 + -3 + -11 + (-1 - -8) - -3?
4
What is (-12 - 5) + -21 + 20?
-18
Evaluate 12 + -3 + 13 - 11.
11
Evaluate 16 + 14 + (-33 - -18).
15
What is (-144 - -183) + 1 + -14?
26
Evaluate -27 + 18 - (-8 + 0 - 23).
22
What is the value of -4 - 7 - (45 + -58)?
2
-1 + 5 + (-36 - -35)
3
What is (3 - (4 - -11)) + 10?
-2
What is the value of -19 + 22 + 2 + (2 - 5) + 3?
5
What is the value of (7 + 14 - 9) + 0?
12
What is 7 + -24 + (5 - -11)?
-1
(-43 - (6 + -17)) + 13
-19
0 + -4 + 7 + -7 - -14
10
-11 - ((19 - 18) + -10)
-2
What is the value of (14 - 2 - 2 - 14) + (-2 - 9)?
-15
Evaluate -12 - (7 - 2 - 7) - (-1 + 12).
-21
Evaluate 7 - (-2 + -3 + 0 + 7) - 17.
-12
What is the value of 15 - (21 - (1 - -12))?
7
-2 + 0 - (-8 - (4 - (-7 - -17)))
0
What is -2 - (-4 + 6 + -1 + 1 + -1)?
-3
5 + (-4 - (-12 + 7)) - (-5 - -12)
-1
-7 + -2 + -4 + (-3 - 2)
-18
Evaluate -1 + -5 - (49 - 51) - -6.
2
What is (3 - (4 + 11) - -16) + -11?
-7
What is the value of -7 - -2 - (7 + -5 + -13) - 14?
-8
What is -8 + 3 + (-1 - -10 - (12 + -6))?
-2
5 - (0 + (3 - -1) - 6)
7
What is -14 + ((-20 - -2) + 7 - -17)?
-8
Calculate 3 + -3 + -3 + 11 + 8 + -10.
6
Calculate (0 - (-14 + -18)) + (-5 - (-7 + 11)).
23
What is the value of 0 + -4 + -3 - (-8 - -5)?
-4
Calculate (29 - 17) + -9 + 6.
9
Evaluate 0 + (37 + -20 + (0 - -10) - 9).
18
Evaluate (78 - 72) + 4 + 3.
13
Calculate 10 + (2 - ((3 - 12) + 4 - -8)).
9
Evaluate -7 + -5 + 12 + -14 + 11.
-3
Calculate -3 - 4 - (-7 - 3).
3
What is the value of 10 - (-10 + -11 + 61 + -16)?
-14
Evaluate -11 - (11 + 3) - (3 - 3).
-25
Evaluate 2 - 0 - (-21 + 65 - 38).
-4
What is 3 + (5 - -3 - (-4 + (12 - 1)))?
4
What is (4 - 6) + 1 + -7 + 2 + -6?
-12
What is the value of -7 - -19 - (18 + 1 - 31)?
24
What is (13 + -40 - -30) + (-1 - 12) + -7?
-17
What is 2 + 27 + -6 + 7 + (4 - 15)?
19
What is -1 - ((-3 - -8) + 1 - 4) - 0?
-3
8 - (-8 + -14) - 19
11
What is 1 - (35 - 60 - 7)?
33
Evaluate -9 + (-51 - -50) + (-1 - 0) - -5.
-6
What is 1 + 3 + -3 + (12 - -1) + -9?
5
-4 + 9 - (-31 - (-10 + 0)) - 9
17
Calculate (-1 - -10) + -11 + 2 + 11 - -1.
12
-18 + (15 - 13) + (0 - 0)
-16
Evaluate 16 + (23 - 29) - (-1 - -11) - 5.
-5
What is the value of -1 + (-9 - (-6 + 1 + 3))?
-8
What is the value of 1 + 9 - (323 - 327)?
14
Calculate -2 - 3 - (4 + 1 - (0 + 9)).
-1
(-1 - -1) + 288 + -284
4
Calculate (5 - (5 + 3)) + -2 + 17 + -2.
10
-7 - (-7 + 0) - 11
-11
Calculate 143 - 144 - (-1 + -26) - (11 - 2).
17
What is the value of -27 + 22 + 10 - 5?
0
6 + (0 - (25 - 26))
7
Calculate -80 + 89 - (3 - -1).
5
What is the value of -10 - -4 - -12 - (10 + -7 + 6)?
-3
Calculate -11 + (10 - (-7 - -17)).
-11
Calculate (7 - (1 + -12 - (-5 - -1))) + -8.
6
Evaluate -18 + (13 - -30 - 12) - 10.
3
What is 8 - (-7 - (4 + 0 - 3))?
16
What is the value of (1 - ((0 - 9) + 11)) + 2?
1
Evaluate 5 - (-8 + 4 + -2).
11
Calculate -25 - (-12 + 5 + -13 + 21).
-26
7 - (3 + (4 - 13)) - 3
10
What is 88 + -90 - (9 - ((0 - 3) + 6))?
-8
What is 8 + 1 + 5 + (6 - 4) + -12?
4
Evaluate 4 + -2 + 0 - -4 - 12 - -19.
13
What is 0 + 11 + (3 - (9 + 8))?
-3
Evaluate 12 + -2 + 68 + -79 - (3 - 5).
1
-13 - (-4 - -24 - 15)
-18
7 + 19 + 9 + (14 - 40)
9
16 + (3 - -8) - 13 - (-2 + 7)
9
Calculate -31 + 13 - ((4 - 7) + 2).
-17
Calculate (-1 + 1 + 6 - 5) + (1 - 2).
0
What is the value of -4 + (-24 - (0 - (-11 - -15 - 3)))?
-27
What is the value of 113 - 125 - (0 + -10) - (26 + 0)?
-28
Evaluate -1 + 2 + 2 + 0 + (99 - 89).
13
5 - (9 + 2 + 8 + -10)
-4
What is the value of 15 + -6 - (3 + -1 + 12)?
-5
Calculate -2 + 6 - 6 - (-8 - -2 - -9).
-5
What is 0 + (5 - (7 - (-1 + 3))) + -3?
-3
Calculate (-1 - -6) + 1 - (-6 - -4).
8
Evaluate 8 - (40 + -12 - 7).
-13
Evaluate -625 + 589 - (4 + -68).
28
Evaluate (1 - -2 - (-4 + 8)) + -9.
-10
What is the value of -3 + -3 - 0 - -5 - 28?
-29
Evaluate (68 + -56 - (-1 + 13)) + 0 + 12.
12
What is the value of -5 + (11 - (-3 - -5 - -6))?
-2
-5 + 6 + (-1 - (-4 - 3))
7
What is the value of -7 + 8 + 6 + -8 + (1 - 7)?
-7
1 + 19 - (61 + -32)
-9
What is the value of 4 + 2 + 2 + (-6 - -5)?
7
Evaluate (4 - 6) + -6 + 6 + -2 + -1.
-5
224 - 225 - (-5 - -18)
-14
Evaluate 81 - 45 - ((-9 - (-1 - 3)) + 8).
33
Calculate -20 - (-67 + 25 - 5).
27
Evaluate 8 - (35 + -29) - (2 + -2 + -12).
14
Evaluate (-2 + 39 - -7) + 2 + -6 + -4.
36
What is (3 - (29 - 6)) + (-10 - -21)?
-9
-23 - -10 - (6 + -9)
-10
What is 0 + 2 + 12 + 1 - (-61 - -58)?
18
Evaluate -14 + (7 + (2 - 10) - -4).
-11
Evaluate (0 - 2 - 5) + -663 + 660.
-10
Evaluate (1 - -12) + -26 + 5.
-8
What is (47 - 39 - (1 - -7)) + 1 + -1?
0
What is (9 - (-1 - (6 + -11))) + -1 + 7?
11
5 + (1 - -1 - (14 + 0 + 0))
-7
What is the value of 6 + 8 - (7 - (1 + 8)) - 2?
14
Calculate (1 - (5 + -1 + -7 + 10)) + 4.
-2
Calculate 1 + 5 + (-23 - (-21 + 3)).
1
What is the value of (-2 - 2) + (5 - 11) + 9 - -5?
4
-39 - (19 + -59) - (-2 + -1)
4
Evaluate -21 + 1 + -1 + -401 + 406.
-16
Calculate -2 + 8 - (-17 + 26 - (4 + 0)).
1
Calculate -3 - (-24 + 1) - (26 + -18).
12
What is 4 + (1 + -11 - -13) - 24?
-17
Calculate -7 + -6 + -29 + 49.
7
Calculate (5 + 0 + -7 - (12 - -2)) + 7.
-9
Evaluate (-1 - (-4 + 5)) + (8 - (-1 - -4)).
3
Evaluate 33 + (-33 - 5) + 13.
8
What is 10 + -22 + 31 + -9 + -22?
-12
What is 0 - -17 - (20 - 7)?
4
Evaluate (996 - 986) + (1 - (0 + -9)) + -1.
19
What is 19 + (-2 - 12 - 2)?
3
Calculate (-2 - -6) + -18 - (1 + -18).
3
Calculate 15 + 7 + (-12 - 19).
-9
24 - (-11 + (-11 + 14 - -21))
11
2 + (9 - 8 - (-4 + 4)) + 2
5
What is (26 - 14) + -21 + (-2 - -19)?
8
Calculate (26 - 17) + (-2 - -4 - (1 + -5)).
15
What is -621 + 614 + (-5 - -1)?
-11
Calculate -13 + (-12 - 11) + 35.
-1
Calculate -127 + 144 + (0 + -13 - -3 - -3).
10
Evaluate (-13 - -7 - 1) + 7 - (4 - -5).
-9
Calculate 3 + (-11 - (-14 + 1)).
5
What is 40 - (1 + (71 - 31))?
-1
What is the value of (8 - -2) + -8 + (1 + 1 - 10)?
-6
Evaluate -3 - (-5 + 2) - (248 + -245).
-3
What is 6 + -9 + (20 - (6 + -8)) + -8?
11
Evaluate -2 + 7 + 2 - (-23 + 0 + 20).
10
What is the value of 108 + -111 - 